24 + 1443625 - 151660 = 0. Is b composite?
True
Let u(c) = -41*c - 20*c + 19 + 7 - 2*c. Let h be (-4 - 0/3) + -3. Is u(h) a composite number?
False
Let w(p) = 21*p**3 - 50*p**2 + 159*p - 21. Is w(20) prime?
False
Suppose 2*w + y = -3*w + 44, 36 = 5*w - y. Is 751*((-7)/7 + w) a prime number?
False
Let n = 273 - -867. Suppose -538*u - 1449 = -545*u. Suppose 3*a - n = u. Is a a composite number?
False
Is 3*(-4)/32 + 36122059/136 a composite number?
True
Let j be (9 - 10)/(1/(-5)). Suppose j*h + 1361 = 6*h. Suppose 5*w - h = 1344. Is w a composite number?
False
Let c = 364332 + -211225. Is c a prime number?
True
Suppose 1649197 = 112*k - 1031971. Is k a composite number?
True
Let d(k) be the first derivative of 5*k**3/3 - 3*k**2 - 187*k - 38. Is d(36) prime?
False
Let f(m) = 175*m**2 + 8*m + 10. Let v be f(-10). Let o = -2527 + v. Is o a prime number?
False
Suppose -1800 = -0*c + 6*c. Let j = c - -374. Is j composite?
True
Let o(h) = 3290*h + 1333. Is o(72) composite?
False
Suppose 0 = 3*v + w - 277 - 307, v = 4*w + 199. Let o(n) = -372*n - v*n + 1 + 189*n. Is o(-2) prime?
True
Let s(f) = -2*f**2 + 14. Let r be s(-5). Let n be (-6044)/(-18) + ((-16)/r)/2. Suppose -n - 52 = -4*o. Is o composite?
False
Let v be -3*3/(-36) - 1087830/120. Let t = v - -14968. Is t a composite number?
False
Let f = 938 + -538. Suppose 10*h - 3*l + 904 = 5*h, 4*l = 12. Let w = h + f. Is w a composite number?
True
Let y = 48486 + -21942. Let w = y - 4909. Is w a prime number?
False
Let j(u) = -9*u - 312 + 624 - 301 - 14*u**2 + 8*u**3. Is j(10) composite?
False
Suppose -16228 = -2*r + 58102. Is r prime?
False
Let n be 32 + -2 + 2 + -3. Suppose 19 = 4*w - n. Is 15/10*4328/w a prime number?
True
Let r(p) = 492*p**3 - 4*p**2 + 26*p + 29. Let j(q) = 246*q**3 - 3*q**2 + 13*q + 15. Let c(k) = 11*j(k) - 6*r(k). Is c(-6) a prime number?
False
Suppose -5*d - 2*x - 17 = 0, 2*x + x = 3*d + 6. Let b be ((-1)/d)/(-2*(-1)/7374). Suppose 6617 = 12*h + b. Is h prime?
True
Suppose 11*j + 65710 - 83952 = 193563. Is j composite?
True
Let t(r) = 3*r - 13*r**2 + 177167 - 177182 + r**3 - 3*r + 9*r. Suppose -2*z + 5*h - 3*h = -34, z - 2*h = 20. Is t(z) prime?
True
Suppose 2*t - 2*v = -103 + 102745, v = 0. Is t a prime number?
False
Let d(g) = 186*g**2 + 35*g - 53. Is d(24) prime?
True
Suppose -3*m = -2*n - m + 3778, 5*m = -4*n + 7511. Let t = -908 + n. Suppose 7*i - 4603 = t. Is i a prime number?
True
Suppose -2*w + 68 = 3*r - r, 3*w - 2*r - 122 = 0. Suppose -2*n = -4, 5*n - w = j - 155. Is j composite?
False
Is 2/11 - (-23 + (-303728)/22) a prime number?
True
Let c = -5276 - -47313. Is c composite?
True
Let l(t) = 4*t**3 + 3*t + 3. Let f(r) = 7*r**3 + 5*r + 5. Let a(k) = -3*f(k) + 5*l(k). Let y be a(0). Is y - 163/(-7) - (-2)/(-7) prime?
True
Let p be 2 - (-22)/(-8) - 94/(-8). Suppose -4*c = -5*v + 2660, -2*v = -6*c + p*c - 1064. Let h = -195 + v. Is h a prime number?
True
Suppose 3*o = 7*o - 20. Suppose -5*a = 25, -63*k + a = -58*k - 15830. Suppose 5*v + 0*c - 3165 = 2*c, 5*v - o*c = k. Is v composite?
True
Suppose 126776 = 68*a - 137404. Suppose a + 33936 = 21*f. Is f composite?
False
Let a = 406300 - 101897. Is a a prime number?
False
Let w(q) = -28*q + 16. Let c be w(-8). Let r be c/42 + -4 + (-2)/(-7). Suppose 5*z = -r*p + 3*p - 2295, 3*z + 6909 = 3*p. Is p a composite number?
True
Suppose 5*a + 2*t - 45 = -2, 2*a - 6 = 2*t. Suppose -10*m + 9 = -a*m. Suppose -38 - 25 = -m*k. Is k a composite number?
True
Let v = 117928 + -43107. Is v a prime number?
True
Let g be ((-20)/24)/((-4)/24). Let s(l) = 122*l**2 - 8*l + 25. Is s(g) prime?
False
Suppose g - 3*y = -6 + 1, -2*g + 10 = -y. Suppose -j + 12 = 5*s - g, -5*s - 4*j = -31. Suppose 3*i + 2*i + s*m - 635 = 0, -2*i + 254 = 4*m. Is i prime?
True
Let g(y) = 2*y**3 + 15*y**2 + 19*y + 7. Let k be g(-6). Let a(h) be the third derivative of 253*h**4/24 - h**3/3 - h**2. Is a(k) a composite number?
False
Let r = -687863 - -1120492. Is r a composite number?
True
Let v = -240 + -187. Let q = v - 4003. Let d = -1927 - q. Is d a prime number?
True
Suppose -337356 = -i + p + 582659, 0 = 5*i + 5*p - 4600135. Is i composite?
False
Suppose 5*u + 5*a - 215 = 0, -21*u = -20*u + 2*a - 42. Is 20888/12 - (-4 + u/12) a prime number?
True
Suppose -3 = 2*f - 291. Suppose -7*t + 297 = -f. Let h = t + 16. Is h prime?
True
Let w(c) be the first derivative of -511*c**4/4 + c**3/3 + 5*c**2/2 + 5*c - 194. Is w(-2) prime?
False
Let b = 68 - 68. Suppose b = -4*l - 39 + 35. Is 355 + l + (-3 - -2) composite?
False
Suppose -2*s - 2*s + 12 = 0. Suppose g = s*q - 15, 2*q + 2*q = -2*g + 20. Suppose -3*h - 35 = -q*t, -4*t + 8*h - 11*h = -28. Is t prime?
True
Let f(q) be the first derivative of q**4/4 + 2*q**3/3 + q**2/2 + 1259*q - 70. Is f(0) composite?
False
Suppose 119*x + 17916 = 120*x. Let k = x + 1651. Is k composite?
True
Let t(v) = -1691*v - 13. Suppose 0 = -5*o - 3*b - 2 + 3, 4*o - 6 = -5*b. Is t(o) a composite number?
True
Let j = 952581 - 458872. Is j a prime number?
True
Suppose 0 = -x + 6, -183266 = -3*i + 3*x + 99013. Is i prime?
True
Suppose 4*a - 122 = 3*k, 0 = -2*k - k - 6. Let n(g) = g**2 + 61*g + 984. Let u be n(-34). Let w = u - a. Is w a composite number?
False
Let j = -31764 + -4118. Is j/(-10) + (-1)/5 + -1 a prime number?
False
Let z(c) = c**2 + 18*c + 94. Let k be z(-13). Is (2/(-8))/(k/(-681964)) a composite number?
False
Suppose -160 = 15*r - 10*r. Suppose 0 = j - 4*q - 135, q + 455 - 28 = 3*j. Let u = r + j. Is u a composite number?
True
Let a(s) be the first derivative of -183*s**2/2 + 37*s - 37. Is a(-4) prime?
True
Let w be (-496)/(-144) + 4/(-9). Suppose 2*r = -o + 6794, 0 = 4*r + w*o - 4093 - 9495. Is r composite?
True
Let q(c) = 4396*c + 655. Is q(22) a composite number?
False
Suppose 3*k - 989481 = 3*q, -4*k = 49*q - 50*q - 1319290. Is k a composite number?
True
Is 16/6*42/28 - (-174455 + 2) prime?
True
Let v(g) = g**2 + 7*g - 5. Let y be v(-6). Let m = y - -15. Suppose -1757 = -3*x + m*i, -4*x + i + 2*i = -2338. Is x a composite number?
True
Let n(y) be the third derivative of 17*y**5/12 + 7*y**4/24 - 5*y**3/2 + 109*y**2 - 1. Is n(4) a composite number?
False
Let n = -9 - 12. Let w(r) = 2*r + 44. Let i be w(n). Suppose i*j - 9*j + 5509 = 0. Is j a composite number?
False
Let t = 22954 - 10085. Let a be (-2)/(-4) - (-22)/4. Suppose a*r + 2063 = t. Is r a prime number?
True
Let u(l) be the first derivative of 40*l**3 - 2*l**2 + l - 58. Is u(5) prime?
False
Let o = -10602 - -40265. Is o a prime number?
True
Suppose -4*o - 2*h = -950, 2*o - 2*h = -29 + 501. Let j = 356 - o. Is j a composite number?
True
Let r be (-4)/(-5) - (-28)/(-35). Suppose r = -13*b + 2209 + 49596. Is b a prime number?
False
Let k(g) = 2*g + 10. Let s be k(-2). Suppose 5*m - s*m = 0. Suppose -v + 1822 + 1669 = m. Is v prime?
True
Let x(r) = 6*r - 95. Let w be x(17). Is ((-6)/(-4))/(-3*w/(-48062)) composite?
False
Let n = 367 - 365. Let x = 16 - 11. Suppose 0 = h - n*b + x*b - 223, 0 = b. Is h prime?
True
Suppose 9731 = -3*n - 68950. Let l = n + 39486. Is l prime?
True
Suppose 9*r = 15*r - 49572. Suppose 0 = 26*s - 15684 - r. Is s composite?
True
Suppose 2*q - 41371 = -w, -180772 - 26128 = -5*w - q. Is w a composite number?
False
Suppose -2*p - 2*h = -3*p + 100238, 400940 = 4*p + 4*h. Suppose -p = -17*o + 5*o. Is o prime?
True
Suppose -436 = -3*w - 5*u, 3*u - 111 = -w + 37. Suppose w*v - 149*v + 49931 = 0. Is v a prime number?
False
Let r = -36 - -125. Suppose -5218 = 87*w - r*w. Is w a prime number?
True
Let b be 181/(-3) + 2/(-3). Let h(c) = -10*c**2 + 2*c + 2. Let t be h(-1). Let f = t - b. Is f a composite number?
True
Let n be ((-1540)/(-8) - -2)*4. Suppose -x + 0*x = 3*v - 203, 4*x = 5*v + n. Suppose -x = -2*r - 3*z, 0 = -3*r + 2*z + 2*z + 270. Is r a prime number?
False
Let d(m) = -1457*m - 1283. Is d(-18) a composite number?
False
Suppose 3*n + 0*n = -2*n. Suppose n = -10*t + 3360 + 1490. Is t composite?
True
Suppose 28*w - 704387 = 3918441. Is w composite?
True
Suppose -2*a = -9 - 9. Suppose 26 + a = z. Let s = z - -224. Is s a composite number?
True
Let h be 10/6*234/(-195). Is (-4)/(-18) + (-206382)/(-27) + h composite?
True
Let v(x) = -1473*x - 2719. Is v(-60) a composite number?
False
Suppose 0 = 6*d - 16*d - 629950. Is d/(-7) - 12/(-294)*-7 composite?
False
Let 